{"id":393,"date":"2017-01-26T10:24:47","date_gmt":"2017-01-26T09:24:47","guid":{"rendered":"http:\/\/185.189.51.196\/~sundsvallv\/?page_id=393"},"modified":"2017-02-02T15:11:55","modified_gmt":"2017-02-02T14:11:55","slug":"fotterapeut","status":"publish","type":"page","link":"http:\/\/185.189.51.196\/~sundsvallv\/livsstil\/fotterapeut\/","title":{"rendered":"Fotterapeut"},"content":{"rendered":"<h4>Medicinsk Fotv\u00e5rd<\/h4>\n<p>&nbsp;<\/p>\n<p><strong>L\u00e4kare och diabetessk\u00f6terska kan remittera dig som beh\u00f6ver medicinsk fotv\u00e5rd. Remiss ges till patienter som har en bakomliggande sjukdom till fotproblem, t.ex. diabetes.<\/strong><\/p>\n<p>Medicinsk fotv\u00e5rd har som fr\u00e4msta m\u00e5l att motverka att fots\u00e5r uppst\u00e5r. Men finns \u00e4ven med i behandlingen n\u00e4r fots\u00e5r har uppst\u00e5tt. Vi behandlar problem som nageltr\u00e5ng, liktornar, f\u00f6rh\u00e5rdnader, h\u00e4lsprickor mm. Vi ger ocks\u00e5 individuella r\u00e5d om egenv\u00e5rd, skor och avlastningar i f\u00f6rebyggande syfte, men \u00e4ven f\u00f6r att uppn\u00e5 en god l\u00e4kning vid fots\u00e5r.<\/p>\n<p><strong>Kontakt f\u00f6r fotv\u00e5rd tfn 060 &#8211; 658 12 10<\/strong><\/p>\n","protected":false},"excerpt":{"rendered":"<p>Medicinsk Fotv\u00e5rd &nbsp; L\u00e4kare och diabetessk\u00f6terska kan remittera dig som beh\u00f6ver medicinsk fotv\u00e5rd. Remiss ges till patienter som har en bakomliggande sjukdom till fotproblem, t.ex. diabetes. Medicinsk fotv\u00e5rd har som fr\u00e4msta m\u00e5l att motverka att fots\u00e5r uppst\u00e5r. Men finns \u00e4ven med i behandlingen n\u00e4r fots\u00e5r har uppst\u00e5tt. Vi behandlar problem som nageltr\u00e5ng, liktornar, f\u00f6rh\u00e5rdnader, h\u00e4lsprickor [&hellip;]<\/p>\n","protected":false},"author":5,"featured_media":0,"parent":371,"menu_order":0,"comment_status":"closed","ping_status":"closed","template":"","meta":[],"_links":{"self":[{"href":"http:\/\/185.189.51.196\/~sundsvallv\/wp-json\/wp\/v2\/pages\/393"}],"collection":[{"href":"http:\/\/185.189.51.196\/~sundsvallv\/wp-json\/wp\/v2\/pages"}],"about":[{"href":"http:\/\/185.189.51.196\/~sundsvallv\/wp-json\/wp\/v2\/types\/page"}],"author":[{"embeddable":true,"href":"http:\/\/185.189.51.196\/~sundsvallv\/wp-json\/wp\/v2\/users\/5"}],"replies":[{"embeddable":true,"href":"http:\/\/185.189.51.196\/~sundsvallv\/wp-json\/wp\/v2\/comments?post=393"}],"version-history":[{"count":4,"href":"http:\/\/185.189.51.196\/~sundsvallv\/wp-json\/wp\/v2\/pages\/393\/revisions"}],"predecessor-version":[{"id":458,"href":"http:\/\/185.189.51.196\/~sundsvallv\/wp-json\/wp\/v2\/pages\/393\/revisions\/458"}],"up":[{"embeddable":true,"href":"http:\/\/185.189.51.196\/~sundsvallv\/wp-json\/wp\/v2\/pages\/371"}],"wp:attachment":[{"href":"http:\/\/185.189.51.196\/~sundsvallv\/wp-json\/wp\/v2\/media?parent=393"}],"curies":[{"name":"wp","href":"https:\/\/api.w.org\/{rel}","templated":true}]}}