{"id":317,"date":"2017-01-24T14:11:31","date_gmt":"2017-01-24T13:11:31","guid":{"rendered":"http:\/\/185.189.51.196\/~sundsvallv\/?page_id=317"},"modified":"2017-08-01T09:09:13","modified_gmt":"2017-08-01T07:09:13","slug":"vanliga-fragor","status":"publish","type":"page","link":"http:\/\/185.189.51.196\/~sundsvallv\/vad-vill-du-ha-hjalp-med\/vanliga-fragor\/","title":{"rendered":"Vanliga fr\u00e5gor"},"content":{"rendered":"<h3>Vanliga fr\u00e5gor<\/h3>\n<h5>N\u00e4r kan jag komma och vaccinera mig mot s\u00e4songsinfluensan?<\/h5>\n<p>Under\u00a0v 45 2017 b\u00f6rjar vaccinationerna. Se startsidan f\u00f6r tiderna v 45-v46. \u00d6vriga veckor &#8211; v\u00e4lkommen p\u00e5 drop-in till Sk\u00f6terska p\u00e5 Sk\u00f6nsmon eller kontakta din v\u00e5rdenhet.<\/p>\n<p>Ring f\u00f6r info p\u00e5 tfn 060-6581210.<\/p>\n<p>SMS p\u00e5minnelse, vi skickar p\u00e5minnelse p\u00e5 dina bokade tider, maila eller ring in ditt mobilnummer till oss, i<a class=\"cm_anchor\" href=\"mailto:Info@sundsvallsvc.se\">nfo@sundsvallsvc.se<\/a> alt. 060-6581200<\/p>\n<p>&nbsp;<\/p>\n<h5>Jag m\u00e5r inte bra, kanske jag beh\u00f6ver tr\u00e4ffa doktor eller sjuksk\u00f6terska idag?<\/h5>\n<p>L\u00e4s g\u00e4rna om dina symtom p\u00e5 <a class=\"cm_anchor\" href=\"http:\/\/www.1177.se\/\" target=\"_blank\" rel=\"noopener noreferrer\">www.1177.se<\/a>, eller ring dygnet runt f\u00f6r r\u00e5d till telefonnummer: 1177. D\u00e4r kan du f\u00e5 r\u00e5d och information om dina besv\u00e4r.Beh\u00f6ver du v\u00e5rd akut s\u00e5 ring v\u00e5ra distriktssk\u00f6terskor tel:\u00a0 060-6581210. L\u00e4s mer om v\u00e5r\u00a0l\u00e4tt akut mottagning\u00a0under rubriken jourmottagning.\u00a0\u00a0Vid akuta br\u00f6stsm\u00e4rtor eller andningsbesv\u00e4r ring 112 eller \u00e5k direkt till Sundsvalls sjukhus akutmottagning.<\/p>\n<p>&nbsp;<\/p>\n<h5>N\u00e4r beh\u00f6ver jag ringa och boka en tid till doktorn?<\/h5>\n<p>Vid kroniska besv\u00e4r, \u00e5terbes\u00f6k, bes\u00f6k f\u00f6r nytt sjukintyg, uppf\u00f6ljning eller utredning eller f\u00f6r bes\u00f6k som ej \u00e4r jourbes\u00f6k ringer du och bokar en tid. 060-658 12 10 eller <a class=\"cm_anchor\" href=\"http:\/\/www.minavardkontakter.se\/\" target=\"_blank\" rel=\"noopener noreferrer\">www.minavardkontakter.se<\/a><\/p>\n<p>&nbsp;<\/p>\n<h5>Hur g\u00f6r jag f\u00f6r att lista mig hos er\/v\u00e4lja er som min v\u00e5rdcentral?<\/h5>\n<p>P\u00e5 <a class=\"cm_anchor\" href=\"http:\/\/www.minavardkontakter.se\/\" target=\"_blank\" rel=\"noopener noreferrer\">www.minavardkontakter.se<\/a> kan du g\u00f6ra val direkt. Du kan fylla i v\u00e5rdvalsblanketten n\u00e4r du bes\u00f6ker oss, du kan \u00e4ven ladda ner den via v\u00e5r eller Landstingets hemsida, eller s\u00e5 kan du ringa till oss. Registreringen av bytet sker oftast samma dag som du l\u00e4mnat in din blankett. Du kan byta v\u00e5rdcentral hur ofta du vill.<\/p>\n<p>&nbsp;<\/p>\n<h5>F\u00e5r jag v\u00e5rd hos er om jag \u00e4r bosatt p\u00e5 annan ort eller \u00e4r listad p\u00e5 en annan v\u00e5rdcentral?<\/h5>\n<p>I f\u00f6rsta hand \u00e4r vi till f\u00f6r de patienter som valt oss som sin v\u00e5rdcentral.\u00a0\u00a0Men om du \u00e4r turist\u00a0\u00a0eller p\u00e5 genomresa och blir akut sjuk kan du komma till oss trots att du inte valt oss som din v\u00e5rdcentral. Om du \u00e4r bosatt i Sundsvall och valt en annan v\u00e5rdcentral ska du i f\u00f6rsta hand v\u00e4nda dig till den v\u00e5rdcentralen. Vid akuta br\u00f6stsm\u00e4rtor eller andningsbesv\u00e4r ring 112 eller \u00e5k direkt till Sundsvalls sjukhus akutmottagning.<\/p>\n<p>&nbsp;<\/p>\n<h5>Vart h\u00e4mtar jag ut mitt recept, och hur g\u00f6r jag f\u00f6r att f\u00f6rnya det?<\/h5>\n<p>F\u00f6rnya ditt recept via <a class=\"cm_anchor\" href=\"http:\/\/www.minavardkontakter.se\/\" target=\"_blank\" rel=\"noopener noreferrer\">www.minavardkontakter.se<\/a> eller ring 060 &#8211; 658 12 10, g\u00e4ller om du \u00e4r listad hos oss. T\u00e4nk p\u00e5 att g\u00f6ra din best\u00e4llning i god tid d\u00e5 det kan ta upp till fem arbetsdagar, speciellt under semesterperioden. Du kan h\u00e4mta ut din medicin p\u00e5 vilket apotek du vill i hela landet.<\/p>\n<p>&nbsp;<\/p>\n<h5>Vilka \u00e4r era specialistomr\u00e5den?<\/h5>\n<p>V\u00e5ra l\u00e4kare p\u00e5 mottagningen \u00e4r specialister i allm\u00e4nmedicin. Vi har \u00e4ven specialister som gynekolog och barnl\u00e4kare. Vi planerar att inom n\u00e5gra \u00e5r vara en v\u00e5rdcentral som erbjuder ut\u00f6kad n\u00e4rsjukv\u00e5rd, och kommer att\u00a0\u00a0ut\u00f6ka med fler specialister, tex i hud, hj\u00e4rt- och k\u00e4rlsjukdomar samt kirurgi.<\/p>\n<p>&nbsp;<\/p>\n<h5>Hur f\u00e5r man frikort?<\/h5>\n<p>Du kan skaffa dig frikort n\u00e4r du har betalat sammanlagt 1 100 SEK. Frikortet g\u00e4ller ett \u00e5r fr.o.m. f\u00f6rsta bes\u00f6ket. Vi hj\u00e4lper dig med utf\u00e4rdande av frikortet. \u00c4ven frikort som utf\u00e4rdas p\u00e5 sjukhuset eller p\u00e5 en annan v\u00e5rdcentral g\u00e4ller hos oss.<\/p>\n<p>&nbsp;<\/p>\n<h5>Jag \u00e4r 15 \u00e5r gammal &#8211; beh\u00f6ver jag betala f\u00f6r att f\u00e5 v\u00e5rd hos er?<\/h5>\n<p>Nej, vi tar emot barn och ungdomar upp till 20 \u00e5r gratis.<\/p>\n<p>&nbsp;<\/p>\n<h5>Vad kostar ett bes\u00f6k hos er?<\/h5>\n<ul>\n<li>Bes\u00f6k hos l\u00e4kare 200:-<\/li>\n<li>Bes\u00f6k hos \u00f6vriga 200:-<\/li>\n<li>Bes\u00f6k i grupp 100 kr\/deltagare<\/li>\n<li>Labb och provtagning \u00e4r gratis<\/li>\n<li>Barn och ungdomar under 20 \u00e5r gratis<\/li>\n<li>Frikort g\u00e4ller<\/li>\n<li>\u00d6vriga tj\u00e4nster, som inte ing\u00e5r i ordinarie sjukv\u00e5rd, tar vi betalt enligt &#8221;gula taxan&#8221;<\/li>\n<\/ul>\n<p>Du kan betala med bank- och kreditkort.<\/p>\n","protected":false},"excerpt":{"rendered":"<p>Vanliga fr\u00e5gor N\u00e4r kan jag komma och vaccinera mig mot s\u00e4songsinfluensan? Under\u00a0v 45 2017 b\u00f6rjar vaccinationerna. Se startsidan f\u00f6r tiderna v 45-v46. \u00d6vriga veckor &#8211; v\u00e4lkommen p\u00e5 drop-in till Sk\u00f6terska p\u00e5 Sk\u00f6nsmon eller kontakta din v\u00e5rdenhet. Ring f\u00f6r info p\u00e5 tfn 060-6581210. SMS p\u00e5minnelse, vi skickar p\u00e5minnelse p\u00e5 dina bokade tider, maila eller ring in [&hellip;]<\/p>\n","protected":false},"author":5,"featured_media":0,"parent":181,"menu_order":0,"comment_status":"closed","ping_status":"closed","template":"","meta":[],"_links":{"self":[{"href":"http:\/\/185.189.51.196\/~sundsvallv\/wp-json\/wp\/v2\/pages\/317"}],"collection":[{"href":"http:\/\/185.189.51.196\/~sundsvallv\/wp-json\/wp\/v2\/pages"}],"about":[{"href":"http:\/\/185.189.51.196\/~sundsvallv\/wp-json\/wp\/v2\/types\/page"}],"author":[{"embeddable":true,"href":"http:\/\/185.189.51.196\/~sundsvallv\/wp-json\/wp\/v2\/users\/5"}],"replies":[{"embeddable":true,"href":"http:\/\/185.189.51.196\/~sundsvallv\/wp-json\/wp\/v2\/comments?post=317"}],"version-history":[{"count":5,"href":"http:\/\/185.189.51.196\/~sundsvallv\/wp-json\/wp\/v2\/pages\/317\/revisions"}],"predecessor-version":[{"id":322,"href":"http:\/\/185.189.51.196\/~sundsvallv\/wp-json\/wp\/v2\/pages\/317\/revisions\/322"}],"up":[{"embeddable":true,"href":"http:\/\/185.189.51.196\/~sundsvallv\/wp-json\/wp\/v2\/pages\/181"}],"wp:attachment":[{"href":"http:\/\/185.189.51.196\/~sundsvallv\/wp-json\/wp\/v2\/media?parent=317"}],"curies":[{"name":"wp","href":"https:\/\/api.w.org\/{rel}","templated":true}]}}