{"id":221,"date":"2017-01-23T16:35:56","date_gmt":"2017-01-23T15:35:56","guid":{"rendered":"http:\/\/185.189.51.196\/~sundsvallv\/?page_id=221"},"modified":"2020-07-08T09:23:34","modified_gmt":"2020-07-08T07:23:34","slug":"boka-tid-avboka-tid","status":"publish","type":"page","link":"http:\/\/185.189.51.196\/~sundsvallv\/vad-vill-du-ha-hjalp-med\/boka-tid-avboka-tid\/","title":{"rendered":"Boka tid \/ Avboka tid"},"content":{"rendered":"<h4>Tidsbokning f\u00f6r v\u00e5rdcentralerna i Sk\u00f6nsmon<\/h4>\n<h5>Vill du tr\u00e4ffa l\u00e4kare eller sjuksk\u00f6terska, har du ett \u00e4rende av br\u00e5dskande karakt\u00e4r?<\/h5>\n<ul>\n<li>Vid akuta infektioner kan du \u00e4ven f\u00e5 v\u00e5rd hos distriktssk\u00f6terska p\u00e5 bokad tid. Ring 060 &#8211; 658 12 10.<\/li>\n<li>Om du blir sjuk n\u00e4r du tillf\u00e4lligt vistas p\u00e5 en annan ort, s\u00e5 v\u00e4nder du dig till den geografiskt n\u00e4rmaste v\u00e5rdcentralen d\u00e4r du vistas.<\/li>\n<li>OBS! Vid akuta besv\u00e4r s\u00e5som br\u00f6stsm\u00e4rtor eller andningsbesv\u00e4r b\u00f6r du ringa 112 eller upps\u00f6ka Sundsvalls sjukhus akutmottagning<\/li>\n<\/ul>\n<p>&nbsp;<\/p>\n<h5>L\u00e5ngvariga besv\u00e4r<\/h5>\n<p>F\u00f6r dig med kroniska och \u00e5terkommande besv\u00e4r som s\u00f6ker f\u00f6r uppf\u00f6ljning, f\u00f6rl\u00e4ngning av sjukskrivning eller utredning, rekommenderar vi att du kontaktar oss och bokar en tid. Tfn. 060 &#8211; 658 12 10 eller via webben <strong><span style=\"color: #008000;\"><a style=\"color: #008000;\" href=\"https:\/\/e-tjanster.1177.se\">www.e-tjanster.1177.se<\/a><\/span><\/strong>\u00a0d\u00e4r hittar du oss under <strong>V\u00e5rdcentralen Sundsvall<\/strong><\/p>\n<h5>\u00d6vriga yrkesgrupper<\/h5>\n<p>F\u00f6r dig som vill boka tid hos \u00f6vriga yrkesgrupper p\u00e5 v\u00e5rdcentralen, ring du\u00a0060 &#8211; 658 12\u00a010 f\u00f6r mer info eller g\u00e5 in p\u00e5 <strong><span style=\"color: #008000;\"><a style=\"color: #008000;\" href=\"https:\/\/e-tjanster.1177.se\">www.e-tjanster.1177.se<\/a><\/span><\/strong><\/p>\n<h5>Avbokningspolicy<\/h5>\n<p>Avbokning av bokad tid m\u00e5ste g\u00f6ras senast 24 timmar innan, p\u00e5 telefon 060 &#8211; 658 12 10 eller via webben\u00a0<strong><span style=\"color: #008000;\"><a style=\"color: #008000;\" href=\"https:\/\/e-tjanster.1177.se\">www.e-tjanster.1177.se<\/a><\/span><\/strong><\/p>\n<p>Ej avbokade tider debiteras full avgift.<\/p>\n<h5>Sjukv\u00e5rdsr\u00e5dgivning dygnet runt, ring telefonnummer 1177<\/h5>\n<p>R\u00e5dgivning p\u00e5 webben\u00a0\u00a0<strong><span style=\"color: #008000;\"><a class=\"cm_anchor\" style=\"color: #008000;\" href=\"http:\/\/www.1177.se\/\" target=\"_blank\" rel=\"noopener noreferrer\">www.1177.se<\/a><\/span><\/strong><\/p>\n<p>&nbsp;<\/p>\n","protected":false},"excerpt":{"rendered":"<p>Tidsbokning f\u00f6r v\u00e5rdcentralerna i Sk\u00f6nsmon Vill du tr\u00e4ffa l\u00e4kare eller sjuksk\u00f6terska, har du ett \u00e4rende av br\u00e5dskande karakt\u00e4r? Vid akuta infektioner kan du \u00e4ven f\u00e5 v\u00e5rd hos distriktssk\u00f6terska p\u00e5 bokad tid. Ring 060 &#8211; 658 12 10. Om du blir sjuk n\u00e4r du tillf\u00e4lligt vistas p\u00e5 en annan ort, s\u00e5 v\u00e4nder du dig till den [&hellip;]<\/p>\n","protected":false},"author":5,"featured_media":0,"parent":181,"menu_order":0,"comment_status":"closed","ping_status":"closed","template":"","meta":[],"_links":{"self":[{"href":"http:\/\/185.189.51.196\/~sundsvallv\/wp-json\/wp\/v2\/pages\/221"}],"collection":[{"href":"http:\/\/185.189.51.196\/~sundsvallv\/wp-json\/wp\/v2\/pages"}],"about":[{"href":"http:\/\/185.189.51.196\/~sundsvallv\/wp-json\/wp\/v2\/types\/page"}],"author":[{"embeddable":true,"href":"http:\/\/185.189.51.196\/~sundsvallv\/wp-json\/wp\/v2\/users\/5"}],"replies":[{"embeddable":true,"href":"http:\/\/185.189.51.196\/~sundsvallv\/wp-json\/wp\/v2\/comments?post=221"}],"version-history":[{"count":5,"href":"http:\/\/185.189.51.196\/~sundsvallv\/wp-json\/wp\/v2\/pages\/221\/revisions"}],"predecessor-version":[{"id":829,"href":"http:\/\/185.189.51.196\/~sundsvallv\/wp-json\/wp\/v2\/pages\/221\/revisions\/829"}],"up":[{"embeddable":true,"href":"http:\/\/185.189.51.196\/~sundsvallv\/wp-json\/wp\/v2\/pages\/181"}],"wp:attachment":[{"href":"http:\/\/185.189.51.196\/~sundsvallv\/wp-json\/wp\/v2\/media?parent=221"}],"curies":[{"name":"wp","href":"https:\/\/api.w.org\/{rel}","templated":true}]}}